when q is divided by 15?
12
What is the remainder when (-7)/(-2)*612*(-498)/(-747) is divided by 31?
2
Suppose 0 = -5*w + 4*v + 748, 3*v - 734 = -8*w + 3*w. Let i = w + -141. Calculate the remainder when 17 is divided by i.
3
Let o(g) = 3*g**3 - 14*g**2 - g - 17. Suppose -120 = -4*f - 4*n, -3*f - 80 = -5*f + 2*n. Calculate the remainder when f is divided by o(5).
2
Let j = -64 + 67. Suppose -i + l = 11, -j*i - 2*l - 57 = l. What is the remainder when 49 is divided by (40/i)/8 + (-80)/(-6)?
10
Let v be ((-1)/3)/(15/(-1800)). Calculate the remainder when 43 is divided by 7 + 464/v - 6/10.
7
Suppose -3*h - 4*j = -8, -2*h - 2 = 5*j - 5. Suppose 0 = -d - h + 13. Suppose d*u = 3*u + 90. Calculate the remainder when 59 is divided by u.
14
What is the remainder when 22/(-8) - 1213520/(-704) is divided by 115?
111
Suppose 30*i - 33*i + 63 = 0. Let p(a) = -3*a - 6 + 3 - i*a. Calculate the remainder when p(-5) is divided by 24.
21
Let p(y) = y**3 + 9*y**2 + 8*y + 10. Let j be 12/(-2) + 3/(-3). Let h(i) = 2*i**2 + 43*i - 75. Calculate the remainder when h(-25) is divided by p(j).
48
Suppose 85 = -35*n + 17337 + 2943. Calculate the remainder when n is divided by 206.
165
Let m(d) = 340*d - 4690. Calculate the remainder when m(14) is divided by 24.
22
Suppose 3*r + 4 = 22. Suppose 0*q = 10*q + 1400. Let a = -132 - q. What is the remainder when a is divided by r?
2
Let s = -1434 - -1702. Calculate the remainder when 813 is divided by s.
9
Let d(s) = 3*s + 20. Suppose 4*v - 5*o - 15 = -140, -3*v + o - 91 = 0. Let f = 32 + v. Calculate the remainder when d(-6) is divided by f.
0
Let g be (39/(-26))/((45/12)/(-5)). Let v be (7/g - 0)/(15/30). Calculate the remainder when 136 is divided by 24 - -3 - (v + -3).
21
Suppose 0 = o + 4*o - 20, -o = 3*s - 88. Suppose 5*y + s = 6*y. Let v = 21 + y. What is the remainder when v is divided by 27?
22
Let a(s) = -4*s**2 + 42*s + 141. Calculate the remainder when a(8) is divided by 138.
83
Let z = -27 + 95. Calculate the remainder when z is divided by -6 + -2 - (-507)/39.
3
Suppose 4*u - 6*r = -8*r + 114, 2*u - 60 = 2*r. Let k(x) = 6*x**3 - 2*x**2 + 8*x - 16. What is the remainder when k(3) is divided by u?
7
Suppose -4*q + 344 = 4*a, -3*q - 184 - 44 = -3*a. What is the remainder when 127 is divided by a?
46
Let u = -8 + 18. Let x be ((-6)/16*4)/(3/(-20)). What is the remainder when 58 is divided by 20/(-8)*(-8)/x + u?
10
Let k(o) = -o**3 + 14*o**2 - 9*o + 17. Let u(t) = t - 8. Let z be u(-28). Calculate the remainder when k(13) is divided by (z/(-15))/(41/10 + -4).
21
Let x = -430 + 443. Let i(t) = 7*t - 52. Calculate the remainder when i(10) is divided by x.
5
Suppose -108 = -4*o - 5*x, 3*x + 108 = 4*o + 2*x. Suppose -3 = -4*i + 29. Suppose -634 = -i*f + 422. What is the remainder when f is divided by o?
24
Suppose 0 = -6*c - 7353 + 7467. What is the remainder when 112 is divided by c?
17
Suppose -19*n + 86 + 332 = 0. What is the remainder when 416 is divided by n?
20
Let n = 645 + -1248. Let q = 631 + n. Calculate the remainder when 49 is divided by q.
21
Suppose 5*v = 237 + 318. What is the remainder when v is divided by 110?
1
Let p(y) = -145*y + 57*y - 144 + 71*y. Let i = 28 + -2. Calculate the remainder when p(-16) is divided by i.
24
Let y(t) be the third derivative of -t**4/12 + 5*t**3/6 - t**2. Let h = 1759 + -1759. Calculate the remainder when 24 is divided by y(h).
4
Suppose 3*v = -5*j - 682 + 1091, 3*v - 2*j - 437 = 0. What is the remainder when 1422 is divided by v?
135
Suppose 0 = -54*o + 95*o - 392247. Calculate the remainder when o is divided by 208.
207
Let t = 14293 + -14078. Calculate the remainder when t is divided by 27.
26
Suppose -16*s = -6*s - 60. Let y(b) = b**2 - 6*b + 28. Calculate the remainder when 163 is divided by y(s).
23
Let o = -14 + 44. Suppose -4*c + 4*u = 0, -22*u + 24*u + 18 = -4*c. Let f = o + c. Calculate the remainder when 107 is divided by f.
26
Let i be (3 - (-105)/(-33)) + (-70)/(-22). What is the remainder when 135 is divided by (9/i)/(((-57)/(-36))/19)?
27
Let i(v) be the first derivative of 3*v**2 + 69*v + 257. Let s(q) = 4*q. What is the remainder when s(4) is divided by i(-10)?
7
Suppose -12*k + 21743 = -8*k + 5*v, 2*k + v - 10861 = 0. Calculate the remainder when k is divided by 59.
58
Suppose 63 = 2*g + 3*d + 5, -4*g - 3*d + 98 = 0. Calculate the remainder when 78 is divided by g.
18
Let t be 3 + (2/1)/2. Suppose t*v = 2*y + 10, 14 = 5*v - 3*y - 1. Let g = 43 + v. Calculate the remainder when g is divided by 11.
10
Suppose -9*c + 14 = -49. Suppose -5*l - 208 = -c*l. Calculate the remainder when l is divided by 35.
34
Let x be (3 - (4 - 1)) + (7 - -1). Let v = x - -15. Let g(o) = -o**2 + 20*o + 13. What is the remainder when g(9) is divided by v?
20
Let h(g) = g**3 + 24*g**2 - 46*g - 1729. What is the remainder when 1183 is divided by h(-22)?
179
Suppose 12442 - 12994 = -12*y. Calculate the remainder when 266 is divided by y.
36
Suppose 10*w - 170798 + 11918 = -86*w. Calculate the remainder when w is divided by 413.
3
Suppose 84 = 6*m - 41 - 121. What is the remainder when 150 is divided by m?
27
Let t(b) = 21*b**2 - 33. Let y be t(-7). Calculate the remainder when -3 - (y/(-24) + (-1)/2) is divided by 20.
19
Let x = -30 - -54. Let l(c) = -3*c - 31. Let g(w) = -4*w - 34. Let u(s) = 6*g(s) - 7*l(s). Calculate the remainder when x is divided by u(0).
11
Let i(u) = 6*u - 209. Let b be i(35). What is the remainder when 334 is divided by 20/(b + 3) + (15 - -1)?
19
Let k = -29 + 854. What is the remainder when k is divided by 30?
15
Suppose -5*j + 246 = 21. Suppose 4*m - 6*m + 27 = 5*c, m - 10 = -2*c. Calculate the remainder when j is divided by c.
3
Let b(z) be the second derivative of -z**5/20 - z**4/3 - 5*z**3/3 - 4*z**2 - 99*z. What is the remainder when b(-6) is divided by 71?
53
Let l = 825 + -793. Suppose 5*h + 4*a - 24 = 0, 3*a + 52 - l = h. Calculate the remainder when 158 is divided by h.
6
Let o(x) = 56*x + 4629. Calculate the remainder when o(-70) is divided by 259.
191
Let o(r) = -r**2 + 42*r - 67. Suppose -168 + 868 = 35*k. Calculate the remainder when o(17) is divided by k.
18
Let h(d) = 329*d - 20025. Suppose -4*s - a = -852, s - 102 = 4*a + 128. Calculate the remainder when s is divided by h(61).
38
Suppose 0 = -5*y - 5*l + 835, -485 + 1159 = 4*y + l. What is the remainder when y is divided by (-2)/4*3*384/(-360)*10?
9
Let l = 13106 - 8961. What is the remainder when l is divided by 197?
8
Let n(w) = -w**3 + 21*w - 5. Let z be n(4). Calculate the remainder when 84 is divided by (z/(-6))/(-5)*2*17.
16
Suppose 35842 - 6442 = 40*z. Calculate the remainder when z is divided by 238.
21
Let d(s) = 2*s**2 - 99*s + 163. Suppose 3*y = -y + 140. What is the remainder when y is divided by d(48)?
16
Let m = -12796 + 12926. Calculate the remainder when 555 is divided by m.
35
Let v(k) = -160*k + 30. Let g(j) = -j - 1. Let d(p) = 25*g(p) + v(p). What is the remainder when d(-2) is divided by 18?
15
Let a = 27 - 18. Let m(v) = 2*v. Let y(f) = -18*f - 28. Let t(g) = -10*m(g) - y(g). Calculate the remainder when t(6) is divided by a.
7
Let j be -1366*((-30)/45)/(4/3). Let a = j - 339. Let p = a - 163. Calculate the remainder when p is divided by 46.
43
Let a = -5663 + 5746. Calculate the remainder when 87 is divided by a.
4
Let a be 1 + -1 - (-11 - 56/(-7)). Suppose 17 = -60*o + 62*o + w, o - 21 = -a*w. Calculate the remainder when (-4)/10*70/(-2) is divided by o.
2
Let k = 156 + -220. Let l be 1*9/(-3) - k. Suppose -t - 5 = 0, p + 0*p + 5*t = l. Calculate the remainder when p is divided by 29.
28
Let c(t) = 6*t**2 + 7*t - 49. Calculate the remainder when c(12) is divided by 11.
8
Let c = -8 + 6. What is the remainder when -2 + c/11 + (-4025)/(-55) is divided by 19?
14
Let u be ((-6)/4)/((-5)/(-10)) + 227. Let s = u - 85. What is the remainder when s is divided by 35?
34
Suppose 2*h + 111 = -100 + 229. Calculate the remainder when 1610 is divided by h.
8
Let r = -2632 + 3281. Calculate the remainder when 1311 is divided by r.
13
Suppose -106 - 37 = -4*r + 3*t, -t = r - 41. Let g(p) = 68*p**2 - 560*p + 138. Calculate the remainder when r is divided by g(8).
8
Let a(i) = -i**2 + 56*i - 132. Suppose 9*o = 4*o + 100. Calculate the remainder when a(4) is divided by o.
16
Suppose -